 81.
3
Let s(x) = -2*x + 84*x**3 + 7*x**2 - 2*x - 7 - 83*x**3. Let o be s(-7). What is the highest common factor of 399 and o?
21
Suppose h - 38 = -2*r, -30 = 5*h + 4*r - 208. Suppose 3*f - f = 600. Let u = 572 - f. What is the greatest common divisor of u and h?
34
Let q be 1/((-1)/62)*-12*(-3277)/(-696). Calculate the greatest common factor of 93 and q.
31
Let s(d) = -d**2 + 7*d + 9. Let b be s(-2). Let h be (28/(-6) + 4)*b - 1. Let i = 75 + h. Calculate the highest common divisor of i and 10.
10
Suppose 28*i - 5141 = 29*i - 98*i. What is the highest common factor of i and 5141?
53
Suppose -4369*o - 1029 = -4418*o. What is the greatest common factor of o and 7833?
21
Suppose 0 = 3*b - 3*w - 5814, -67*b - 1935 = -68*b - 2*w. Calculate the greatest common divisor of 13 and b.
13
Suppose -3251*z + 3254*z + 4895 = 5*g, -2*g - 4*z + 1958 = 0. Calculate the highest common divisor of g and 22.
11
Suppose -13*d - 65 = -208. Let b(s) = 4*s - 40. Let p be b(d). Suppose -v = p*v, -g - v = -17. Calculate the highest common factor of g and 153.
17
Let q(o) = -o - 5. Suppose -13*u - 14 = -11*u. Let w be q(u). Suppose -4*j + j = a - 26, 0 = 5*j - w*a - 25. Calculate the greatest common divisor of j and 56.
7
Let g(y) be the third derivative of 7*y**4/24 + 12*y**3 + 26*y**2. Let x be g(0). Suppose s = 14 + 10. What is the highest common divisor of s and x?
24
Suppose -193 = -3*j - 232. Let n be (-26)/(-169) + (-557)/j - 4. What is the highest common divisor of n and 260?
13
Suppose 4*o - 19 - 11 = -3*m, 7*o = 3*m + 36. Suppose 5*l + 3*i - 29 = -i, 0 = l - 3*i - 21. What is the highest common factor of l and o?
3
Suppose 3*d + y = 106, 5*y - 3 - 46 = -2*d. Let m be 259*((-24)/(-56) + 3). What is the greatest common divisor of d and m?
37
Let r = -46 - -50. Suppose 3*l - g - 4*g - 34 = 0, -r*l + g = -34. What is the highest common divisor of 2 and l?
2
Let g = -3888 + 3999. Let s = 675 + -305. Calculate the highest common factor of g and s.
37
Let m(x) = x**3 + 3*x**2 + 19*x + 108. Let p be m(-4). What is the highest common divisor of 188 and p?
4
Suppose 11*z = 12*z - 8. Let l be (z/(-20))/(6/1170*-3). Calculate the greatest common factor of 104 and l.
26
Suppose 2*t - 9*t = 77. Let g(i) = -i**3 - 12*i**2 - 12*i + 25. Let d be g(t). Suppose y + 4 = d. What is the highest common divisor of y and 80?
16
Let j be (-760)/(-6)*(-1 - 10/(-4)). Suppose 0 = 9*x - j - 188. Let q be 12/x + (-38)/(-14). Calculate the highest common divisor of 1 and q.
1
Suppose 5*i = 5, -5*q + 3907 = -0*q - 3*i. Calculate the highest common factor of 138 and q.
46
Let r be ((-78)/27)/(29816/(-1656) + 18). Calculate the highest common factor of 4 and r.
2
Suppose 0 = 4*m + 4*p, 0 = m - 7*p + 5*p - 6. Calculate the highest common divisor of 10 and m.
2
Let b = -2724 - -3984. What is the greatest common divisor of b and 56?
28
Suppose j = 3*d + 13, 5*j = 4*j + d + 7. Suppose -j*l - 4*m - 28 + 380 = 0, -5*l + 440 = m. Calculate the greatest common divisor of 16 and l.
8
Suppose 2*x = 12*x - 180. Suppose x = 2*z - n, 2*n - 6 = 2. Let b(a) = 89*a**2 - 1. Let w be b(1). What is the highest common factor of w and z?
11
Let i = -289 - -424. Suppose 21*q - 12*q = i. Calculate the highest common factor of 95 and q.
5
Suppose 2*i + 10 = 0, -2*i + 34 = 3*m + 2*i. Suppose 23 = 14*w - 33. Suppose 2 = -2*a, -5*g = -w*a - a - 65. What is the greatest common factor of g and m?
6
Suppose 212*u = 214*u - y - 7099, 0 = 2*u + 3*y - 7111. What is the highest common factor of u and 134?
67
Suppose -2*v = -9*v + 21. Suppose 3*n - 20 = -4*o, -v*n + 3*o + 40 = 2*o. What is the greatest common factor of n and 12?
12
Let y be (1/2)/(-3*(-6)/72). Suppose -3*i + 121 = 19*x - 17*x, 4*x - i - 249 = 0. What is the highest common factor of x and y?
2
Let d(i) = -7*i**3 - 77*i**2 - 11*i - 73. Let c be d(-11). Let h = 29 - -3. Calculate the highest common divisor of h and c.
16
Suppose -r + c + 3*c = -25, 0 = -5*r + 3*c + 210. Calculate the highest common factor of r and 315.
45
Let u = -599 + 649. Suppose 12652 + 848 = u*x. Calculate the highest common factor of x and 60.
30
Let u(g) = -g**2 - 23*g + 17. Let s be u(-21). Let b = s + -75. Let w = b + 17. What is the greatest common divisor of 8 and w?
1
Let c(m) = 36*m + 2. Let s = 19 - 17. Let a be c(s). Let d = 185 + 0. Calculate the highest common factor of a and d.
37
Let j be -415*(-49)/70*180/35. Calculate the greatest common factor of 306 and j.
18
Let k be (-157)/((7 - 3) + ((-516)/128)/1). Calculate the greatest common divisor of 24 and k.
8
Suppose -1386*i = -1390*i + 125904. Calculate the greatest common divisor of 344 and i.
172
Let z(t) = 516*t**2 - 4*t. Let m be z(3). Let p = -2832 + m. Calculate the highest common factor of 72 and p.
72
Let y be (6/18)/(2/372). Let d = y - 62. Suppose 5*u - z = -d*u + 52, 0 = u - 2*z - 5. Calculate the highest common divisor of 121 and u.
11
Let q = 10225 + 14904. What is the greatest common divisor of 13 and q?
13
Let w(x) = 12*x**2 + 90*x - 14. Let z be w(-8). Calculate the highest common divisor of z and 3859.
17
Let g be ((-46)/(-230) - (-1)/5)*5. Suppose -1570 = -g*j - 2*t + t, -2*t = -2*j + 1558. What is the greatest common divisor of 29 and j?
29
Let a be (-68 - 10)/(1 + 0). Let f = a + 21. Let t = -23 - f. What is the highest common divisor of t and 306?
34
Let d be 5/40 - (-30)/16 - -2. Suppose 2*k - 3*k = -2*w + 206, d*w - 5*k - 406 = 0. What is the highest common divisor of w and 39?
13
Let q(j) = -4*j**3 - 105*j**2 - 225*j + 36. Let u be q(-24). What is the greatest common divisor of u and 1148?
28
Let x = 457 + -477. Let w be ((-16)/x)/((-72)/(-30) - 2). Suppose -10 = -5*d + 40. Calculate the greatest common divisor of d and w.
2
Let j(a) = -136*a + 3592. Let c be j(26). Calculate the highest common factor of 4389 and c.
7
Let h(n) be the first derivative of -n**4/4 - 7*n**3/3 + 2*n**2 - 21*n - 30. Let l be h(-8). Calculate the greatest common factor of l and 473.
11
Suppose -10*p + 180 = -6*p. Let x = -37 + p. Suppose 0*b - 128 = -4*b. What is the greatest common factor of x and b?
8
Let v be ((-15)/18 - 13/78)/(2/(-164)). What is the greatest common factor of v and 8979?
41
Let a = -54 + 57. Let d(r) = r**3 - 10*r**2 - 4*r + 8. Let n be d(10). Let w be (-184)/n + 1/4. Calculate the highest common divisor of a and w.
3
Suppose -154 + 49 - 246 = -9*r. Let q = 5 - 2. Calculate the highest common factor of r and q.
3
Suppose 5*u - 2*w - 30299 = 0, -1219 = 4*u - w - 25463. What is the highest common factor of 564 and u?
141
Suppose -9*t + 316 = 4348. Let v = t - -479. Calculate the greatest common divisor of v and 403.
31
Suppose 0 = 4*a - 11*a + 511. Let o = -39 + a. Calculate the highest common divisor of o and 102.
34
Let j be (-60888)/(-312) + 20/(-130). What is the greatest common divisor of 1860 and j?
15
Suppose 0 = 111*m + 713 - 2267. Calculate the greatest common factor of 152 and m.
2
Suppose -19*c = -14*c - 15. Let q be (-1)/c - 1005/(-45). Suppose w - q = -10. What is the greatest common divisor of 156 and w?
12
Suppose k - 92 = -62*b + 61*b, 0 = 3*b + 4*k - 281. Calculate the greatest common divisor of 1218 and b.
87
Let t(l) = -l**3 + 7*l**2 + 3*l - 2. Let p be t(7). Let k = -17 + p. Suppose -5*v - 38 = -3*q, -q + v = 2*v - k. What is the highest common factor of q and 3?
3
Let o(q) = -16*q + 21. Let h be o(7). Let j be ((-14)/4)/(h/52). Calculate the greatest common divisor of j and 18.
2
Suppose -62*r - 16877 = -53496 - 41315. What is the greatest common factor of r and 12?
3
Suppose -66 = -r - 3*v, -r = -0*r - 3*v - 42. Let t(g) = -12*g - 37. Let y be t(-24). Suppose 37 = 4*q - y. Calculate the highest common divisor of q and r.
18
Suppose -v - 4704 = -7*v. Suppose 0*w - v = -8*w. Calculate the greatest common factor of 42 and w.
14
Let o = 18 + 18. Let m be (-940)/(-141)*132/10. Let k = m + -76. Calculate the highest common divisor of o and k.
12
Suppose -5620*n + 25347 = -5599*n. Calculate the highest common factor of n and 68.
17
Suppose 290*i = 2*a + 295*i - 12663, 2*a - i - 12645 = 0. What is the highest common divisor of 17 and a?
17
Suppose 0 = 5*n - 0*n. Suppose n = 69*d - 42*d - 405. What is the highest common factor of 6 and d?
3
Let f(q) be the second derivative of -q**4/12 + 5*q**